er when 8708 is divided by 22.
18
Calculate the remainder when 1212 is divided by 17.
5
What is the remainder when 534 is divided by 182?
170
Calculate the remainder when 115 is divided by 10.
5
What is the remainder when 197 is divided by 178?
19
Calculate the remainder when 868 is divided by 181.
144
Calculate the remainder when 312 is divided by 63.
60
Calculate the remainder when 1100 is divided by 56.
36
Calculate the remainder when 668 is divided by 44.
8
What is the remainder when 828 is divided by 50?
28
Calculate the remainder when 238 is divided by 94.
50
What is the remainder when 66809 is divided by 255?
254
What is the remainder when 471 is divided by 114?
15
Calculate the remainder when 540 is divided by 62.
44
Calculate the remainder when 301 is divided by 95.
16
Calculate the remainder when 934 is divided by 85.
84
What is the remainder when 441 is divided by 37?
34
Calculate the remainder when 137 is divided by 48.
41
What is the remainder when 139 is divided by 16?
11
What is the remainder when 749 is divided by 50?
49
What is the remainder when 503 is divided by 36?
35
What is the remainder when 929 is divided by 10?
9
What is the remainder when 148 is divided by 9?
4
What is the remainder when 79 is divided by 40?
39
What is the remainder when 78 is divided by 5?
3
What is the remainder when 203 is divided by 106?
97
Calculate the remainder when 1038 is divided by 40.
38
What is the remainder when 131 is divided by 39?
14
What is the remainder when 1439 is divided by 96?
95
Calculate the remainder when 38 is divided by 13.
12
What is the remainder when 14089 is divided by 231?
229
Calculate the remainder when 23582 is divided by 88.
86
Calculate the remainder when 267 is divided by 26.
7
Calculate the remainder when 21403 is divided by 77.
74
Calculate the remainder when 16799 is divided by 280.
279
Calculate the remainder when 377 is divided by 18.
17
Calculate the remainder when 2954 is divided by 89.
17
Calculate the remainder when 76 is divided by 29.
18
What is the remainder when 389 is divided by 78?
77
Calculate the remainder when 144 is divided by 79.
65
What is the remainder when 612 is divided by 14?
10
What is the remainder when 348 is divided by 35?
33
Calculate the remainder when 940 is divided by 149.
46
Calculate the remainder when 8032 is divided by 103.
101
What is the remainder when 326 is divided by 65?
1
What is the remainder when 384 is divided by 28?
20
Calculate the remainder when 255 is divided by 8.
7
What is the remainder when 338 is divided by 181?
157
Calculate the remainder when 6670 is divided by 94.
90
What is the remainder when 162 is divided by 55?
52
What is the remainder when 1987 is divided by 105?
97
What is the remainder when 303 is divided by 79?
66
Calculate the remainder when 43 is divided by 15.
13
What is the remainder when 53 is divided by 14?
11
Calculate the remainder when 117 is divided by 65.
52
What is the remainder when 59 is divided by 14?
3
What is the remainder when 267 is divided by 136?
131
What is the remainder when 1068 is divided by 513?
42
Calculate the remainder when 135 is divided by 43.
6
Calculate the remainder when 93 is divided by 8.
5
What is the remainder when 146 is divided by 14?
6
What is the remainder when 879 is divided by 292?
3
What is the remainder when 121 is divided by 16?
9
What is the remainder when 41 is divided by 11?
8
Calculate the remainder when 560 is divided by 187.
186
What is the remainder when 94 is divided by 27?
13
What is the remainder when 560 is divided by 41?
27
What is the remainder when 146 is divided by 30?
26
Calculate the remainder when 49 is divided by 9.
4
Calculate the remainder when 51 is divided by 4.
3
Calculate the remainder when 344 is divided by 22.
14
Calculate the remainder when 693 is divided by 100.
93
What is the remainder when 159 is divided by 16?
15
What is the remainder when 966 is divided by 139?
132
What is the remainder when 530 is divided by 28?
26
Calculate the remainder when 17 is divided by 6.
5
Calculate the remainder when 617 is divided by 35.
22
Calculate the remainder when 566 is divided by 68.
22
Calculate the remainder when 119 is divided by 49.
21
What is the remainder when 549 is divided by 11?
10
Calculate the remainder when 2508 is divided by 31.
28
What is the remainder when 549 is divided by 4?
1
What is the remainder when 227 is divided by 33?
29
What is the remainder when 2435 is divided by 106?
103
Calculate the remainder when 219 is divided by 76.
67
What is the remainder when 164 is divided by 55?
54
Calculate the remainder when 9053 is divided by 16.
13
What is the remainder when 1058 is divided by 10?
8
What is the remainder when 49 is divided by 11?
5
Calculate the remainder when 6131 is divided by 14.
13
What is the remainder when 292 is divided by 42?
40
What is the remainder when 114 is divided by 29?
27
Calculate the remainder when 64 is divided by 42.
22
What is the remainder when 33 is divided by 18?
15
Calculate the remainder when 72 is divided by 19.
15
Calculate the remainder when 2461 is divided by 154.
151
What is the remainder when 41 is divided by 28?
13
What is the remainder when 59 is divided by 25?
9
Calculate the remainder when 68 is divided by 1.
0
Calculate the remainder when 544 is divided by 35.
19
Calculate the remainder when 2028 is divided by 97.
88
Calculate the remainder when 1006 is divided by 63.
61
What is the remainder when 993 is divided by 152?
81
What is the remainder when 334 is divided by 328?
6
What is the remainder when 2710 is divided by 272?
262
What is the remainder when 23 is divided by 14?
9
Calculate the remainder when 444 is divided by 112.
108
What is the remainder when 818 is divided by 82?
80
Calculate the remainder when 91 is divided by 26.
13
Calculate the remainder when 160 is divided by 21.
13
What is the remainder when 227 is divided by 64?
35
Calculate the remainder when 145 is divided by 76.
69
What is the remainder when 1115 is divided by 37?
5
What is the remainder when 6047 is divided by 110?
107
Calculate the remainder when 12390 is divided by 243.
240
What is the remainder when 291 is divided by 147?
144
What is the remainder when 152 is divided by 23?
14
Calculate the remainder when 95 is divided by 44.
7
Calculate the remainder when 525 is divided by 116.
61
Calculate the remainder when 1206 is divided by 400.
6
Calculate the remainder when 2193 is divided by 2.
1
Calculate the remainder when 125 is divided by 5.
0
Calculate the remainder when 766 is divided by 47.
14
Calculate the remainder when 86 is divided by 86.
0
Calculate the remainder when 152 is divided by 2.
0
Calculate the remainder when 50787 is divided by 30.
27
What is the remainder when 75 is divided by 20?
15
What is the remainder when 490 is divided by 20?
10
Calculate the remainder when 130 is divided by 33.
31
Calculate the remainder when 138 is divided by 74.
64
What is the remainder when 208 is divided by 21?
19
Calculate the remainder when 1220 is divided by 44.
32
What is the remainder when 1739 is divided by 68?
39
Calculate the remainder when 549 is divided by 183.
0
Calculate the remainder when 37 is divided by 4.
1
Calculate the remainder when 149 is divided by 30.
29
What is the remainder when 1429 is divided by 68?
1
What is the remainder when 172 is divided by 15?
7
What is the remainder when 125 is divided by 18?
17
What is the remainder when 405 is divided by 37?
35
Calculate the remainder when 463 is divided by 76.
7
What is the remainder when 4347 is divided by 25?
22
What is the remainder when 1323 is divided by 83?
78
Calculate the remainder when 189 is divided by 24.
21
Calculate the remainder when 453 is divided by 57.
54
What is the remainder when 485 is divided by 82?
75
What is the remainder when 390 is divided by 18?
12
What is the remainder when 5411 is divided by 22?
21
Calculate the remainder when 81 is divided by 28.
25
Calculate the remainder when 51 is divided by 10.
1
Calculate the remainder when 89 is divided by 25.
14
What is the remainder when 83 is divided by 14?
13
What is the remainder when 201 is divided by 135?
66
What is the remainder when 21166 is divided by 98?
96
Calculate the remainder when 541 is divided 